86
Calculate the remainder when 311 is divided by 63.
59
What is the remainder when 27 is divided by 19?
8
Calculate the remainder when 9378 is divided by 59.
56
Calculate the remainder when 177 is divided by 37.
29
What is the remainder when 430 is divided by 88?
78
Calculate the remainder when 109 is divided by 45.
19
Calculate the remainder when 159 is divided by 27.
24
Calculate the remainder when 391 is divided by 149.
93
What is the remainder when 718 is divided by 205?
103
What is the remainder when 80 is divided by 61?
19
Calculate the remainder when 4063 is divided by 55.
48
Calculate the remainder when 4562 is divided by 1507.
41
What is the remainder when 1142 is divided by 18?
8
What is the remainder when 415 is divided by 53?
44
What is the remainder when 404 is divided by 9?
8
Calculate the remainder when 172 is divided by 24.
4
What is the remainder when 95 is divided by 27?
14
What is the remainder when 25 is divided by 23?
2
Calculate the remainder when 269 is divided by 76.
41
Calculate the remainder when 5652 is divided by 65.
62
What is the remainder when 204 is divided by 69?
66
What is the remainder when 367 is divided by 183?
1
Calculate the remainder when 140 is divided by 29.
24
What is the remainder when 235 is divided by 30?
25
What is the remainder when 447 is divided by 327?
120
What is the remainder when 81 is divided by 36?
9
What is the remainder when 169 is divided by 85?
84
What is the remainder when 215 is divided by 18?
17
Calculate the remainder when 183 is divided by 38.
31
Calculate the remainder when 1399 is divided by 35.
34
Calculate the remainder when 238 is divided by 144.
94
What is the remainder when 269 is divided by 10?
9
Calculate the remainder when 162 is divided by 14.
8
What is the remainder when 114 is divided by 35?
9
Calculate the remainder when 2837 is divided by 142.
139
Calculate the remainder when 187 is divided by 56.
19
What is the remainder when 737 is divided by 93?
86
Calculate the remainder when 1897 is divided by 192.
169
What is the remainder when 62 is divided by 8?
6
Calculate the remainder when 4416 is divided by 65.
61
What is the remainder when 186 is divided by 16?
10
Calculate the remainder when 424 is divided by 57.
25
Calculate the remainder when 42 is divided by 19.
4
Calculate the remainder when 1542 is divided by 77.
2
What is the remainder when 1919 is divided by 15?
14
What is the remainder when 176 is divided by 9?
5
What is the remainder when 566 is divided by 292?
274
What is the remainder when 183 is divided by 78?
27
Calculate the remainder when 734 is divided by 123.
119
Calculate the remainder when 907 is divided by 13.
10
Calculate the remainder when 102 is divided by 19.
7
What is the remainder when 5367 is divided by 94?
9
Calculate the remainder when 9799 is divided by 200.
199
Calculate the remainder when 146 is divided by 27.
11
What is the remainder when 244 is divided by 4?
0
Calculate the remainder when 2083 is divided by 62.
37
What is the remainder when 1465 is divided by 134?
125
Calculate the remainder when 170 is divided by 13.
1
What is the remainder when 133 is divided by 69?
64
Calculate the remainder when 122 is divided by 5.
2
What is the remainder when 11374 is divided by 18?
16
Calculate the remainder when 241 is divided by 63.
52
What is the remainder when 6867 is divided by 254?
9
What is the remainder when 120 is divided by 17?
1
What is the remainder when 125 is divided by 38?
11
Calculate the remainder when 12196 is divided by 11.
8
Calculate the remainder when 9757 is divided by 20.
17
Calculate the remainder when 15695 is divided by 12.
11
What is the remainder when 230 is divided by 35?
20
Calculate the remainder when 652 is divided by 42.
22
What is the remainder when 242 is divided by 102?
38
What is the remainder when 221 is divided by 56?
53
What is the remainder when 145 is divided by 131?
14
Calculate the remainder when 1002 is divided by 183.
87
What is the remainder when 794 is divided by 35?
24
What is the remainder when 394 is divided by 16?
10
What is the remainder when 582 is divided by 53?
52
What is the remainder when 1551 is divided by 16?
15
What is the remainder when 1345 is divided by 25?
20
Calculate the remainder when 98 is divided by 17.
13
Calculate the remainder when 1146 is divided by 243.
174
Calculate the remainder when 243 is divided by 68.
39
What is the remainder when 397 is divided by 161?
75
What is the remainder when 2412 is divided by 69?
66
What is the remainder when 212 is divided by 54?
50
What is the remainder when 1119 is divided by 205?
94
What is the remainder when 517 is divided by 52?
49
Calculate the remainder when 2805 is divided by 36.
33
What is the remainder when 198 is divided by 97?
4
Calculate the remainder when 175 is divided by 16.
15
Calculate the remainder when 4028 is divided by 31.
29
Calculate the remainder when 711 is divided by 5.
1
What is the remainder when 241 is divided by 49?
45
Calculate the remainder when 523 is divided by 35.
33
Calculate the remainder when 149 is divided by 20.
9
What is the remainder when 181 is divided by 6?
1
What is the remainder when 548 is divided by 134?
12
What is the remainder when 184 is divided by 21?
16
What is the remainder when 71 is divided by 40?
31
Calculate the remainder when 677 is divided by 31.
26
Calculate the remainder when 38 is divided by 23.
15
Calculate the remainder when 4 is divided by 1.
0
What is the remainder when 884 is divided by 256?
116
Calculate the remainder when 633 is divided by 92.
81
What is the remainder when 52 is divided by 23?
6
Calculate the remainder when 989 is divided by 18.
17
Calculate the remainder when 388 is divided by 78.
76
Calculate the remainder when 825 is divided by 6.
3
What is the remainder when 1664 is divided by 548?
20
What is the remainder when 58 is divided by 37?
21
What is the remainder when 210 is divided by 27?
21
Calculate the remainder when 129 is divided by 2.
1
Calculate the remainder when 286 is divided by 35.
6
Calculate the remainder when 220 is divided by 15.
10
Calculate the remainder when 108 is divided by 48.
12
What is the remainder when 1576 is divided by 240?
136
What is the remainder when 8019 is divided by 10?
9
What is the remainder when 22 is divided by 21?
1
Calculate the remainder when 23 is divided by 7.
2
Calculate the remainder when 6346 is divided by 31.
22
What is the remainder when 10206 is divided by 16?
14
Calculate the remainder when 344 is divided by 169.
6
What is the remainder when 40 is divided by 9?
4
Calculate the remainder when 772 is divided by 43.
41
Calculate the remainder when 595 is divided by 99.
1
Calculate the remainder when 121 is divided by 42.
37
Calculate the remainder when 328 is divided by 15.
13
What is the remainder when 526 is divided by 31?
30
What is the remainder when 820 is divided by 441?
379
What is the remainder when 38 is divided by 7?
3
Calculate the remainder when 1158 is divided by 43.
40
What is the remainder when 358 is divided by 46?
36
Calculate the remainder when 216 is divided by 37.
31
Calculate the remainder when 416 is divided by 47.
40
Calculate the remainder when 610 is divided by 26.
12
What is the remainder when 421 is divided by 87?
73
What is the remainder when 93 is divided by 35?
23
Calculate the remainder when 6975 is divided by 109.
108
Calculate the remainder when 597 is divided by 143.
25
What is the remainder when 540 is divided by 61?
52
Calculate the remainder when 1516 is divided by 501.
13
Calculate the remainder when 247 is divided by 117.
13
What is the remainder when 269 is divided by 128?
13
What is the remainder when 68 is divided by 10?
8
Calculate the remainder when 2628 is divided by 94.
90
Calculate the remainder when 320 is divided by 16.
0
What is the remainder when 539 is divided by 46?
33
Calculate the remainder when 6 is divided by 4.
2
What is the remainder when 473 is divided by 139?
56
Calculate the remainder when 136 is divided by 48.
40
Calculate the remainder when 1122 is divided by 151.
65
What is the remainder when 310 is divided by 78?
76
What is the remainder when 62 is divided by 3?
2
What is the remainder when 133 is divided by 59?
15
Calculate the remaind